hat is the highest common divisor of 16620135 and 420?
105
Calculate the highest common divisor of 5474 and 239134.
14
Calculate the greatest common factor of 191 and 10933031.
191
Calculate the greatest common factor of 5509581 and 749133.
5313
What is the highest common divisor of 8472750 and 24050?
650
Calculate the highest common divisor of 200655784 and 59878.
4606
What is the greatest common divisor of 97536524 and 534?
178
Calculate the greatest common factor of 11600 and 183628.
116
What is the greatest common divisor of 16862416 and 3504?
1168
What is the greatest common divisor of 44661048 and 48?
24
What is the highest common factor of 68092752 and 5880?
1176
Calculate the highest common divisor of 3704841 and 17886.
813
What is the highest common divisor of 150587800 and 374?
22
Calculate the highest common factor of 70642246 and 6716.
3358
Calculate the greatest common factor of 307380 and 175874.
94
What is the highest common factor of 97032 and 4967292?
3732
What is the highest common factor of 53500890 and 3991?
307
Calculate the highest common factor of 434 and 36475902.
62
Calculate the highest common factor of 686 and 200696846.
686
What is the highest common divisor of 93 and 595040164?
31
What is the greatest common factor of 2233020 and 8640?
60
Calculate the highest common divisor of 8153224 and 908339.
1679
Calculate the highest common divisor of 55347508 and 1004.
1004
Calculate the greatest common factor of 26598639 and 1677.
129
What is the greatest common divisor of 3474 and 18636273?
1737
Calculate the greatest common factor of 153 and 71380059.
51
What is the highest common divisor of 62274480 and 4069?
313
What is the greatest common divisor of 79832 and 555288?
136
Calculate the greatest common factor of 7392 and 14387296.
2464
Calculate the highest common factor of 1584 and 4209876.
396
What is the greatest common factor of 29528777 and 4882?
2441
What is the greatest common factor of 33952315 and 85?
85
Calculate the greatest common factor of 210 and 12385254.
42
Calculate the highest common factor of 10980 and 19479618.
1098
What is the highest common divisor of 88 and 10803248?
8
What is the greatest common factor of 678762 and 13461?
21
What is the greatest common factor of 491 and 71762105?
491
What is the highest common factor of 38473340 and 1887?
37
What is the greatest common factor of 42 and 58403331?
21
What is the greatest common divisor of 2645 and 2865593?
529
What is the greatest common factor of 4270 and 34986794?
122
What is the highest common divisor of 745770 and 165?
15
Calculate the greatest common factor of 1978176 and 68064.
96
Calculate the highest common divisor of 117 and 126104859.
9
Calculate the greatest common factor of 6624 and 6897312.
288
Calculate the greatest common divisor of 26240434 and 24090.
1606
Calculate the greatest common factor of 612143 and 90791.
557
Calculate the greatest common divisor of 57 and 78195.
3
What is the greatest common factor of 9829123 and 1006?
503
What is the highest common factor of 2845 and 212237?
569
Calculate the highest common factor of 21 and 30011751.
21
Calculate the greatest common factor of 129 and 124676264.
43
What is the highest common factor of 307592216 and 1459?
1459
Calculate the greatest common divisor of 75600 and 24920.
280
What is the greatest common divisor of 716 and 1051845528?
716
What is the highest common factor of 147147083 and 141?
47
What is the highest common divisor of 76219 and 2827?
11
What is the highest common factor of 11 and 6008649?
1
Calculate the highest common divisor of 12606622 and 17986.
782
Calculate the highest common factor of 2768 and 250351760.
2768
Calculate the highest common divisor of 9549048 and 1702.
46
What is the highest common factor of 1170415 and 15?
5
Calculate the greatest common factor of 80 and 590044100.
20
What is the greatest common factor of 47096576 and 1248?
32
What is the greatest common divisor of 684 and 2671797708?
684
What is the greatest common factor of 268021 and 150202?
689
What is the greatest common divisor of 819277 and 4064?
127
Calculate the greatest common divisor of 1785375 and 11270.
115
What is the highest common factor of 440388 and 121446?
234
Calculate the greatest common divisor of 2496 and 14545024.
832
Calculate the highest common factor of 1325 and 6750.
25
Calculate the highest common divisor of 11339810 and 1415.
1415
Calculate the greatest common divisor of 2208 and 9523656.
552
Calculate the highest common factor of 8025 and 4932807.
321
Calculate the highest common divisor of 5647092 and 24.
12
What is the greatest common divisor of 50 and 639034?
2
Calculate the highest common divisor of 117 and 6634476.
9
What is the highest common factor of 288116228 and 2?
2
Calculate the greatest common factor of 726 and 32202654.
66
Calculate the greatest common divisor of 329964630 and 90.
30
What is the greatest common divisor of 47972572 and 391?
391
What is the greatest common divisor of 37820 and 4682970?
610
What is the highest common divisor of 1103337 and 18189?
387
What is the highest common factor of 2406591 and 3942?
1971
Calculate the greatest common factor of 96 and 180038640.
48
Calculate the greatest common factor of 8768 and 881458.
274
What is the greatest common divisor of 2981073 and 2779?
397
Calculate the greatest common divisor of 109225863 and 9896.
1237
Calculate the greatest common factor of 904 and 87874676.
452
What is the greatest common factor of 2902551 and 86691?
213
Calculate the greatest common divisor of 2191548 and 384.
12
Calculate the greatest common divisor of 1570 and 4548780.
10
What is the highest common factor of 756 and 322572726?
378
What is the greatest common factor of 3424 and 18702304?
32
What is the greatest common factor of 3364992 and 42624?
1152
Calculate the greatest common factor of 6432 and 348132.
804
Calculate the highest common factor of 63416502 and 21832.
5458
Calculate the highest common divisor of 72 and 1753029.
9
Calculate the greatest common divisor of 884 and 5070964.
68
Calculate the greatest common divisor of 2284989 and 147.
21
Calculate the highest common divisor of 742 and 9192638.
742
Calculate the greatest common factor of 5736658 and 5690.
1138
What is the greatest common factor of 19 and 73537049?
19
Calculate the highest common divisor of 15112992 and 192.
96
What is the highest common divisor of 3180023 and 73766?
77
What is the highest common factor of 158 and 1802350319?
79
What is the highest common factor of 11679 and 1434227?
229
Calculate the greatest common divisor of 17313376 and 93.
31
Calculate the greatest common factor of 100 and 39023260.
20
What is the highest common factor of 157460625 and 645?
645
What is the greatest common divisor of 867 and 40550746?
289
What is the highest common factor of 32 and 42971552?
32
Calculate the greatest common factor of 23517 and 22010103.
1809
What is the greatest common divisor of 369214898 and 310?
62
What is the greatest common factor of 396 and 592691?
11
What is the highest common divisor of 2021 and 75529?
47
Calculate the greatest common divisor of 53 and 6172493.
1
What is the highest common divisor of 171448 and 11948?
116
Calculate the greatest common factor of 1935 and 15687303.
129
What is the greatest common divisor of 3006315 and 2835?
405
What is the highest common divisor of 1656 and 1483017?
69
Calculate the greatest common divisor of 1117701 and 21879.
117
What is the greatest common factor of 17722400 and 480?
160
Calculate the greatest common factor of 438167 and 8405.
41
What is the highest common factor of 217505536 and 104192?
9472
What is the greatest common divisor of 1190 and 2354177?
119
What is the highest common divisor of 3847200 and 1200?
1200
What is the highest common factor of 42120 and 1543464?
936
What is the greatest common divisor of 2133668 and 44?
4
What is the greatest common divisor of 2064 and 2394928?
688
Calculate the greatest common divisor of 6154974 and 28.
14
What is the highest common factor of 47670925 and 175?
25
What is the highest common factor of 29448 and 67152?
24
What is the greatest common divisor of 995 and 12485?
5
Calculate the greatest common factor of 8815 and 35784